?
44
Let t be 1/(-3) + -1 + 61/3. Let z be 4676/t + (-76)/722. Calculate the highest common factor of 12 and z.
6
Suppose -17 = -3*v + 5*z, -5*z = -5*v - 501 + 526. What is the greatest common factor of v and 250?
2
Suppose 16*b = -1565 + 1805. Calculate the highest common factor of b and 35.
5
Let y be 12 + 84/(-14) + 18. Calculate the greatest common factor of y and 648.
24
Suppose 2*d + 6*d = 1048. Let z = d + -131. Suppose 11*n - 1918 - 1833 = z. What is the greatest common factor of n and 31?
31
Let u = 901 - 746. Let d be -3 + 3 - (-70 - 3). Suppose 5*y - 232 = 5*b + d, 5*y + 5*b - 315 = 0. Calculate the greatest common factor of y and u.
31
Suppose 45*c + 9988 - 26728 = 0. Let z(i) = -24*i**3 + i**2 + 2*i + 1. Let r be z(-1). Calculate the greatest common divisor of c and r.
12
Let l(i) = 85*i**2 + 603*i - 1829. Let u be l(3). Calculate the greatest common factor of 2086 and u.
149
Let v(r) = r + 32. Let i be v(-27). Suppose x - 294 = -i*x. Calculate the greatest common factor of x and 7.
7
Let w(t) = -t**3 + 8*t**2 - 5*t - 10. Let r be w(7). Suppose 6 = 7*u - 15. What is the highest common divisor of r and u?
1
Suppose 3*d - 48 = 3. Suppose -3 - 82 = -d*x. What is the greatest common divisor of x and 10?
5
Suppose -20*h + 17*h + 9*j = -792, -2*j = 4*h - 1126. What is the greatest common divisor of 36 and h?
9
Let d(w) = -w**2 + 8*w + 1. Let i be d(6). Let f = -28390 + 28429. What is the highest common factor of f and i?
13
Suppose 0 = -6*z - 654 - 396. Let p = z - -191. Calculate the greatest common divisor of p and 72.
8
Suppose 5*h - 2*g - 488 = 0, 3*h - 99*g - 276 = -102*g. What is the highest common factor of h and 120?
24
Suppose -q = -2*g + 2143 - 1646, -4*q = 4*g - 988. What is the greatest common factor of g and 17608?
248
Suppose -21*z - 22 = -232. Let k(b) = -b**2 + 14*b + 10. Let s be k(14). What is the highest common factor of z and s?
10
Suppose 0 = -4*c + 119*y - 115*y + 20576, 3*c - 15400 = -y. What is the highest common divisor of 144 and c?
48
Suppose 11016 = -7192*t + 7300*t. Calculate the greatest common divisor of t and 978.
6
Let b be 5*-2*626038/(-2305). What is the greatest common factor of 392 and b?
28
Let a be -2*(217/(-14) + 7). Let j be 361/3 - ((-153)/(-27))/a. Calculate the greatest common factor of 15 and j.
15
Let d be (-2)/(4/(-50) - 0). Suppose 57*o - 59*o + 7*b + 39 = 0, 3*b = -o - 13. Calculate the highest common factor of o and d.
1
Let n be ((-77)/(-11) - 15) + 12 - 1. Calculate the highest common divisor of n and 207.
3
Let g = 20 - 14. Let s be (g + -9)*3/(-9). Suppose -5*m + 4 = 3*a, -1 + 11 = m - 4*a. Calculate the highest common factor of m and s.
1
Suppose -3*r = f - 28, 31*r - 8 = 27*r. Calculate the highest common divisor of 121 and f.
11
Suppose 8*k + 11 - 11 = 0. Suppose k = -2*d + 9 + 7. Suppose 2*r = -d, -3*m + r - 48 + 217 = 0. Calculate the highest common factor of m and 10.
5
Let s(x) = 59*x**2 + 134*x - 1085. Let v be s(8). What is the greatest common factor of v and 142?
71
Let z(j) = j**3 - 106*j**2 - 92*j - 155. Let y be z(107). Calculate the greatest common divisor of 464 and y.
58
Suppose -702 = -5*l + 2*k, -47*k = 5*l - 51*k - 704. What is the greatest common divisor of l and 180?
20
Let a = -40 + 46. Let m = 64 + -46. Let v(d) = -d**3 + 18*d**2 + 4*d - 6. Let z be v(m). What is the highest common factor of z and a?
6
Let b(c) = -92*c - 512. Let n be b(-8). Calculate the highest common divisor of n and 63.
7
Let u = -2325 + 2425. Let f(k) = k**3 + k**2 + k + 350. Let h be f(0). What is the greatest common divisor of u and h?
50
Let g be -4 - -2 - (-18 - -14). Let y(o) = -o - o - 2 - o. Let t be y(-8). What is the highest common divisor of t and g?
2
Suppose -4*a + 239 + 1 = 2*q, 1245 = 11*q - 3*a. What is the greatest common divisor of q and 11324?
38
Suppose -6 = -2*m + m. Let k = m + -6. Let b(o) = -o + 11. Let z be b(k). Calculate the greatest common factor of z and 22.
11
Let b be (-42)/(1 + -3) + 0. Let q be (560/(-8))/(-10) + (-3015)/(-3). Let s = 1054 - q. Calculate the highest common divisor of s and b.
21
Suppose 3*k + 3*k - 2042 = 5290. What is the greatest common factor of k and 208?
26
Let w = 16054 + -15924. Calculate the highest common divisor of w and 3250.
130
Let w be (1208/(-6))/(-4) + 12/(-36). Suppose 3*g = -15 + 30. Suppose -3*b + 2*b - 13 = -j, g*j = b + 53. Calculate the greatest common factor of w and j.
10
Suppose -102*t - 227197 = -273*t + 111383. Calculate the highest common factor of t and 120.
60
Suppose -4*a + 516 = -332. What is the greatest common factor of 16 and a?
4
Suppose -7*f = -164 + 122. Let b be ((-98)/6 + 3)*f/(-4). Calculate the highest common factor of 320 and b.
20
Suppose -2*h + 442 = -4*u - 44, -3*h = 2*u - 737. Calculate the highest common divisor of 40 and h.
5
Let r = 5160 + -5000. What is the greatest common factor of 2360 and r?
40
Suppose -q = 4*f - 15713 + 5332, -5*q = 15. Calculate the greatest common divisor of f and 236.
236
Let m = 9 - 5. Suppose -5*j - 31 = -2*v + 22, -m*j = 4*v - 64. Let t be (38/4)/((-12)/(-48)). Calculate the highest common divisor of t and v.
19
Suppose -627 = -0*n - 3*n. Suppose -24*q + 13*q = -209. Calculate the highest common factor of n and q.
19
Let r be ((-4)/2)/(38/(-57)). Suppose -284 - 73 = -r*o. Calculate the greatest common divisor of 17 and o.
17
Suppose 8*k + 21412 = 2*s + 7*k, 3*k - 53530 = -5*s. What is the highest common factor of s and 106?
106
Let n(j) = 40*j - 632. Let g be n(22). Calculate the highest common divisor of g and 7068.
124
Suppose -5*l = 5*m - 15555, 2*l - 5891 = 5*m + 310. What is the greatest common divisor of 504 and l?
84
Let w be ((-34366350)/475)/(-17) + (-2)/(-19). What is the greatest common divisor of w and 57?
19
Let p be 270 + -277 - (-16 - -1). Calculate the greatest common divisor of 4920 and p.
8
Suppose 21*w = -0*w - 5313. Let t = 278 + w. Suppose 8*y - 560 = 1040. What is the greatest common factor of y and t?
25
Suppose 7*h - 79 + 9 = 0. Let r be 3942/45 - ((-8)/h)/2. Calculate the highest common divisor of 104 and r.
8
Suppose -5*v - 3570 = -216*r + 215*r, -5*r + 17870 = -5*v. Calculate the greatest common factor of 260 and r.
65
Suppose 0 = m + 6, 0 = 5*i + 2*m - 991 - 377. Calculate the greatest common divisor of 132 and i.
12
Let p be 15 - 1*2/2. Let l = -198 - -312. Let w = l + -93. Calculate the greatest common factor of w and p.
7
Let q be ((48/18)/((-24)/(-9)))/(2/286). Calculate the greatest common factor of 3393 and q.
13
Let p be 8 - ((-20)/(-15))/(22/(-17853)). Calculate the highest common factor of p and 80.
10
Let i be (-1)/(-12 - 335/(-28)). What is the highest common divisor of 6902 and i?
14
Let g = -169 - -174. Let f(v) = 42*v - 8. Let h be f(4). What is the greatest common divisor of h and g?
5
Suppose 2*u = 0, -118 = -k + u - 0*u + 17. What is the greatest common factor of 6561 and k?
27
Let l = -575 + 587. Let z be (-2)/(l/(-82)) - (-5)/(-3). Calculate the greatest common divisor of 60 and z.
12
Suppose 14*f - f - 10*f = 300. Calculate the highest common factor of f and 380.
20
Suppose -r = 4*p - 147, 5*p - 3*p + 2*r - 78 = 0. What is the highest common factor of p and 6012?
36
Let q be 7/((-14)/(-4) + -3). Suppose -2*r = -2*c + 7*c - 23, c = 5*r - 17. Calculate the greatest common divisor of r and q.
2
Suppose -2*x = 5*q + 136 + 58, 0 = -4*q - 2*x - 154. Let a = q - -64. Let b = 9085 - 9073. Calculate the highest common factor of b and a.
12
Suppose 5*z = 2*d + 56, 4*z - d = -0*d + 43. Let h be ((-128)/z + -4)/(4/(-10)). What is the highest common factor of h and 546?
42
Let b(g) = -g**3 + 13*g + 16. Let m be b(-4). Let d = 76 - m. Let i(k) = k**2 - 8*k - 1. Let f be i(11). What is the highest common divisor of f and d?
16
Let t = -196 - -384. Suppose -4*l = -6*l + t. Suppose 0 = 2*c + 3*y - 54, -2*y - l = -3*c - 26. What is the greatest common factor of 72 and c?
24
Suppose -34*z = -20*z - 6510. Suppose 0 = 2*q + 4*t - 316, 9*q + z = 12*q - 3*t. Calculate the highest common factor of q and 36.
12
Let r(l) = -247*l + 1657. Let q be r(-5). What is the highest common divisor of q and 24?
12
Let o(t) = -t**3 + 4*t + 8. Let j be o(-4). Let w = 59 - j. Suppose 3*m - w*n = 6, 0 = -5*m + 2*n + n + 20. What is the highest common fa